{"id":66,"date":"2020-03-24T19:26:50","date_gmt":"2020-03-25T01:26:50","guid":{"rendered":"https:\/\/olive-chimpanzee-408790.hostingersite.com\/?page_id=66"},"modified":"2020-05-04T22:52:50","modified_gmt":"2020-05-05T03:52:50","slug":"servicios","status":"publish","type":"page","link":"https:\/\/mercadosolar.com.mx\/index.php\/servicios\/","title":{"rendered":"Servicios"},"content":{"rendered":"<p>[et_pb_section fb_built=&#8221;1&#8243; admin_label=&#8221;Header&#8221; _builder_version=&#8221;3.23.3&#8243; background_color=&#8221;#f7f7f7&#8243; use_background_color_gradient=&#8221;on&#8221; background_color_gradient_start=&#8221;#f7f7f7&#8243; background_color_gradient_end=&#8221;#ffffff&#8221; background_color_gradient_direction=&#8221;90deg&#8221; background_color_gradient_start_position=&#8221;66%&#8221; background_color_gradient_end_position=&#8221;0%&#8221; custom_margin=&#8221;|||||&#8221; custom_padding=&#8221;||0px|||&#8221; background_last_edited=&#8221;on|tablet&#8221; use_background_color_gradient_tablet=&#8221;on&#8221; background_color_gradient_start_position_tablet=&#8221;100%&#8221; locked=&#8221;off&#8221;][et_pb_row column_structure=&#8221;1_2,1_2&#8243; custom_padding_last_edited=&#8221;on|phone&#8221; padding_left_right_link_1=&#8221;false&#8221; _builder_version=&#8221;4.4.2&#8243; background_image=&#8221;http:\/\/mercadosolar.com.mx\/wp-content\/uploads\/2020\/03\/green-energy-20.png&#8221; background_size=&#8221;initial&#8221; background_position=&#8221;top_left&#8221; custom_margin=&#8221;||&#8221; custom_padding=&#8221;|||20px&#8221; custom_padding_tablet=&#8221;&#8221; custom_padding_phone=&#8221;|||0px&#8221;][et_pb_column type=&#8221;1_2&#8243; _builder_version=&#8221;3.25&#8243; background_repeat=&#8221;repeat&#8221; custom_padding=&#8221;|||&#8221; custom_padding_phone=&#8221;|||0px&#8221; custom_padding_last_edited=&#8221;off|phone&#8221; custom_padding__hover=&#8221;|||&#8221;][et_pb_text _builder_version=&#8221;4.4.2&#8243; text_font=&#8221;||||||||&#8221; text_font_size=&#8221;20px&#8221; text_line_height=&#8221;1.8em&#8221; header_font=&#8221;Bitter||||||||&#8221; header_text_color=&#8221;#fedd00&#8243; header_font_size=&#8221;60px&#8221; header_line_height=&#8221;1.3em&#8221; custom_margin=&#8221;||60px&#8221; text_font_size_tablet=&#8221;&#8221; text_font_size_phone=&#8221;20px&#8221; text_font_size_last_edited=&#8221;on|desktop&#8221; header_font_size_tablet=&#8221;50px&#8221; header_font_size_phone=&#8221;30px&#8221; header_font_size_last_edited=&#8221;on|phone&#8221;]<\/p>\n<h1><span color=\"#4359e9\"><span style=\"caret-color: #4359e9;\">Servicios<\/span><\/span><\/h1>\n<p>Momentos extraordinarios requieren esfuerzos y acciones extraordinarias.<\/p>\n<p>[\/et_pb_text][et_pb_button button_text=&#8221;Cont\u00e1ctanos&#8221; _builder_version=&#8221;4.4.2&#8243; custom_button=&#8221;on&#8221; button_text_size=&#8221;14px&#8221; button_text_color=&#8221;#000000&#8243; button_bg_color=&#8221;#FEDD00&#8243; button_border_color=&#8221;rgba(0,0,0,0)&#8221; button_border_radius=&#8221;3px&#8221; button_letter_spacing=&#8221;2px&#8221; button_font=&#8221;|700||on|||||&#8221; button_icon=&#8221;%%3%%&#8221; custom_padding=&#8221;15px|40px|15px|40px|true|true&#8221;][\/et_pb_button][\/et_pb_column][et_pb_column type=&#8221;1_2&#8243; _builder_version=&#8221;3.25&#8243; custom_padding=&#8221;|||&#8221; custom_padding__hover=&#8221;|||&#8221;][et_pb_image src=&#8221;http:\/\/mercadosolar.com.mx\/wp-content\/uploads\/2020\/03\/green-energy-14.png&#8221; _builder_version=&#8221;4.4.2&#8243; use_background_color_gradient=&#8221;on&#8221; background_color_gradient_start=&#8221;rgba(16,40,65,0)&#8221; background_color_gradient_end=&#8221;#102841&#8243; background_color_gradient_start_position=&#8221;45%&#8221; background_color_gradient_overlays_image=&#8221;on&#8221; background_image=&#8221;http:\/\/mercadosolar.com.mx\/wp-content\/uploads\/2020\/04\/IMG_4626-scaled.jpg&#8221; custom_margin=&#8221;-100px|-12vw||&#8221; custom_margin_tablet=&#8221;0px|||&#8221; custom_margin_phone=&#8221;&#8221; custom_margin_last_edited=&#8221;on|tablet&#8221; custom_padding=&#8221;||80%|||&#8221; custom_padding_tablet=&#8221;&#8221; custom_padding_phone=&#8221;||40%&#8221; custom_padding_last_edited=&#8221;on|desktop&#8221;][\/et_pb_image][\/et_pb_column][\/et_pb_row][\/et_pb_section][et_pb_section fb_built=&#8221;1&#8243; admin_label=&#8221;Services&#8221; _builder_version=&#8221;3.23.3&#8243; custom_padding=&#8221;0px||2px|||&#8221;][et_pb_row _builder_version=&#8221;3.25&#8243; max_width=&#8221;700px&#8221; module_alignment=&#8221;center&#8221; locked=&#8221;off&#8221;][et_pb_column type=&#8221;4_4&#8243; _builder_version=&#8221;3.25&#8243; custom_padding=&#8221;|||&#8221; custom_padding__hover=&#8221;|||&#8221;][et_pb_text _builder_version=&#8221;4.4.2&#8243; text_font=&#8221;||||||||&#8221; text_font_size=&#8221;16px&#8221; text_line_height=&#8221;1.8em&#8221; header_font=&#8221;Bitter||||||||&#8221; header_2_font=&#8221;Bitter|700|||||||&#8221; header_2_font_size=&#8221;42px&#8221; header_2_line_height=&#8221;1.2em&#8221; text_orientation=&#8221;center&#8221; max_width=&#8221;600px&#8221; module_alignment=&#8221;center&#8221; text_font_size_tablet=&#8221;&#8221; text_font_size_phone=&#8221;14px&#8221; text_font_size_last_edited=&#8221;on|desktop&#8221; header_2_font_size_tablet=&#8221;32px&#8221; header_2_font_size_phone=&#8221;26px&#8221; header_2_font_size_last_edited=&#8221;on|phone&#8221; text_text_align=&#8221;center&#8221; locked=&#8221;off&#8221;]<\/p>\n<h2>Conoce nuestros servicios<\/h2>\n<p>&nbsp;<\/p>\n<p>[\/et_pb_text][\/et_pb_column][\/et_pb_row][et_pb_row _builder_version=&#8221;4.4.2&#8243;][et_pb_column type=&#8221;4_4&#8243; _builder_version=&#8221;4.4.2&#8243;][et_pb_image src=&#8221;http:\/\/mercadosolar.com.mx\/wp-content\/uploads\/2020\/04\/Servicios_mercado_solar.png&#8221; align=&#8221;center&#8221; _builder_version=&#8221;4.4.2&#8243;][\/et_pb_image][\/et_pb_column][\/et_pb_row][\/et_pb_section][et_pb_section fb_built=&#8221;1&#8243; admin_label=&#8221;Products&#8221; _builder_version=&#8221;3.23.3&#8243; custom_padding=&#8221;0px|||||&#8221;][et_pb_row column_structure=&#8221;1_2,1_2&#8243; _builder_version=&#8221;3.25&#8243; custom_margin=&#8221;|||&#8221; locked=&#8221;off&#8221;][et_pb_column type=&#8221;1_2&#8243; _builder_version=&#8221;3.25&#8243; custom_padding=&#8221;|||&#8221; custom_padding__hover=&#8221;|||&#8221;][et_pb_blurb title=&#8221;Generador exento (granja)&#8221; use_icon=&#8221;on&#8221; _builder_version=&#8221;4.4.2&#8243; header_font=&#8221;Bitter|700|||||||&#8221; header_font_size=&#8221;30px&#8221; header_line_height=&#8221;1.6em&#8221; body_font=&#8221;||||||||&#8221; body_text_align=&#8221;left&#8221; body_text_color=&#8221;#ffffff&#8221; body_font_size=&#8221;16px&#8221; body_line_height=&#8221;1.8em&#8221; use_background_color_gradient=&#8221;on&#8221; background_color_gradient_start=&#8221;rgba(16,40,65,0.75)&#8221; background_color_gradient_end=&#8221;#102841&#8243; background_color_gradient_end_position=&#8221;84%&#8221; background_color_gradient_overlays_image=&#8221;on&#8221; background_image=&#8221;http:\/\/mercadosolar.com.mx\/wp-content\/uploads\/2020\/04\/15542-min-scaled.jpg&#8221; text_orientation=&#8221;center&#8221; background_layout=&#8221;dark&#8221; min_height=&#8221;700px&#8221; height=&#8221;700px&#8221; max_height=&#8221;700px&#8221; custom_padding=&#8221;120px|40px|120px|40px|false|true&#8221; custom_padding_tablet=&#8221;60px||60px&#8221; custom_padding_phone=&#8221;30px||30px&#8221; custom_padding_last_edited=&#8221;on|phone&#8221; hover_enabled=&#8221;0&#8243; body_font_size_tablet=&#8221;&#8221; body_font_size_phone=&#8221;14px&#8221; body_font_size_last_edited=&#8221;on|desktop&#8221; body_text_color__hover=&#8221;#ffffff&#8221; body_text_color__hover_enabled=&#8221;on&#8221; custom_padding__hover=&#8221;100px||140px&#8221; custom_padding__hover_enabled=&#8221;on&#8221;]<\/p>\n<p style=\"text-align: center;\">Mercado\u00a0Solar\u00a0Centrales\u00a0Exentas\u00a0ofrece\u00a0la\u00a0oportunidad\u00a0de\u00a0convertirte\u00a0en\u00a0peque\u00f1o\u00a0generador\u00a0a\u00a0trav\u00e9s\u00a0de\u00a0la\u00a0compra\u00a0de\u00a0negocios\u00a0llave\u00a0en\u00a0mano\u00a0de\u00a0generaci\u00f3n.\u00a0Las\u00a0personas\u00a0que\u00a0deseen\u00a0vender\u00a0toda\u00a0su\u00a0producci\u00f3n\u00a0de\u00a0energ\u00eda\u00a0el\u00e9ctrica\u00a0al\u00a0mercado\u00a0el\u00e9ctrico\u00a0mayorista\u00a0tienen\u00a0la\u00a0posibilidad\u00a0a\u00a0trav\u00e9s\u00a0de\u00a0este\u00a0esquema\u00a0de\u00a0negocio\u00a0de\u00a0conseguir\u00a0una\u00a0fuente\u00a0de\u00a0ingresos\u00a0alterna\u00a0con\u00a0las\u00a0centrales\u00a0exentas\u00a0de\u00a0menos\u00a0de\u00a0500\u00a0KW.<\/p>\n<p style=\"text-align: center;\">Mercado\u00a0Solar\u00a0Centrales\u00a0Exentas\u00a0a\u00a0trav\u00e9s\u00a0de\u00a0su\u00a0experiencia\u00a0en\u00a0la\u00a0generaci\u00f3n\u00a0de\u00a0este\u00a0tipo\u00a0de\u00a0negocios\u00a0ofrece\u00a0un\u00a0servicio\u00a0llave\u00a0en\u00a0mano\u00a0desde\u00a0el\u00a0modelado\u00a0del\u00a0proyecto,\u00a0pasando\u00a0por\u00a0la\u00a0obtenci\u00f3n\u00a0del\u00a0lugar\u00a0en\u00a0donde\u00a0se\u00a0ubicar\u00eda\u00a0la\u00a0central\u00a0exenta,\u00a0obteniendo\u00a0los\u00a0permisos,\u00a0construyendo\u00a0y\u00a0gestionando\u00a0el\u00a0negocio\u00a0durante\u00a0los\u00a030\u00a0a\u00f1os\u00a0de\u00a0vida\u00a0\u00fatil. Otros\u00a0ya\u00a0se\u00a0est\u00e1n\u00a0beneficiando\u00a0de\u00a0este\u00a0tipo\u00a0de\u00a0inversi\u00f3n, \u00bfpor qu\u00e9\u00a0t\u00fa no?<\/p>\n<p>[\/et_pb_blurb][\/et_pb_column][et_pb_column type=&#8221;1_2&#8243; _builder_version=&#8221;3.25&#8243; custom_padding=&#8221;|||&#8221; custom_padding__hover=&#8221;|||&#8221;][et_pb_blurb title=&#8221;PPA en sitio&#8221; _builder_version=&#8221;4.4.2&#8243; header_font=&#8221;Bitter|700|||||||&#8221; header_font_size=&#8221;30px&#8221; header_line_height=&#8221;1.6em&#8221; body_font=&#8221;||||||||&#8221; body_text_color=&#8221;#ffffff&#8221; body_font_size=&#8221;16px&#8221; body_line_height=&#8221;1.8em&#8221; use_background_color_gradient=&#8221;on&#8221; background_color_gradient_start=&#8221;rgba(16,40,65,0.75)&#8221; background_color_gradient_end=&#8221;#102841&#8243; background_color_gradient_end_position=&#8221;84%&#8221; background_color_gradient_overlays_image=&#8221;on&#8221; background_image=&#8221;http:\/\/mercadosolar.com.mx\/wp-content\/uploads\/2020\/04\/solar-2796474_1920-min.jpg&#8221; text_orientation=&#8221;center&#8221; background_layout=&#8221;dark&#8221; min_height=&#8221;700px&#8221; height=&#8221;700px&#8221; max_height=&#8221;700px&#8221; custom_padding=&#8221;120px|40px|120px|40px|false|true&#8221; custom_padding_tablet=&#8221;60px||60px&#8221; custom_padding_phone=&#8221;30px||30px&#8221; custom_padding_last_edited=&#8221;on|phone&#8221; body_font_size_tablet=&#8221;&#8221; body_font_size_phone=&#8221;14px&#8221; body_font_size_last_edited=&#8221;on|desktop&#8221; locked=&#8221;off&#8221; body_text_color__hover=&#8221;#ffffff&#8221; body_text_color__hover_enabled=&#8221;on&#8221; custom_padding__hover=&#8221;100px||140px&#8221; custom_padding__hover_enabled=&#8221;on&#8221;]<\/p>\n<p style=\"text-align: center;\"><span>Nuestros sistemas de Paneles Solares son\u00a0adaptables\u00a0y\u00a0flexibles\u00a0a cualquier tipo de cubierta o suelo. Ofrecemos sistemas de generaci\u00f3n de energ\u00eda completos instalados en todo M\u00e9xico, con 3 modalidades de venta.<\/span><\/p>\n<p style=\"text-align: center;\"><span>El cliente puede optar por la modalidad de PPA Venta de energ\u00eda, la cual el cliente no requiere hacer una inversi\u00f3n, obtiene una instalaci\u00f3n de acuerdo a su necesidad obteniendo un costo m\u00e1s bajo de la energ\u00eda que al d\u00eda de hoy pago al suministrador de energ\u00eda. <\/span><\/p>\n<p>[\/et_pb_blurb][\/et_pb_column][\/et_pb_row][et_pb_row column_structure=&#8221;1_2,1_2&#8243; _builder_version=&#8221;3.25&#8243; custom_margin=&#8221;|||&#8221; locked=&#8221;off&#8221;][et_pb_column type=&#8221;1_2&#8243; _builder_version=&#8221;3.25&#8243; custom_padding=&#8221;|||&#8221; custom_padding__hover=&#8221;|||&#8221;][et_pb_blurb title=&#8221;EPC&#8221; _builder_version=&#8221;4.4.2&#8243; header_font=&#8221;Bitter|700|||||||&#8221; header_font_size=&#8221;30px&#8221; header_line_height=&#8221;1.6em&#8221; body_font=&#8221;||||||||&#8221; body_text_color=&#8221;#ffffff&#8221; body_font_size=&#8221;16px&#8221; body_line_height=&#8221;1.8em&#8221; use_background_color_gradient=&#8221;on&#8221; background_color_gradient_start=&#8221;rgba(16,40,65,0.75)&#8221; background_color_gradient_end=&#8221;#102841&#8243; background_color_gradient_end_position=&#8221;84%&#8221; background_color_gradient_overlays_image=&#8221;on&#8221; background_image=&#8221;http:\/\/mercadosolar.com.mx\/wp-content\/uploads\/2020\/04\/alternative-energy-bird-s-eye-view-drone-photography-2800832-min-scaled.jpg&#8221; text_orientation=&#8221;center&#8221; background_layout=&#8221;dark&#8221; custom_padding=&#8221;120px|40px|120px|40px|false|true&#8221; custom_padding_tablet=&#8221;60px||60px&#8221; custom_padding_phone=&#8221;30px||30px&#8221; custom_padding_last_edited=&#8221;on|phone&#8221; body_font_size_tablet=&#8221;&#8221; body_font_size_phone=&#8221;14px&#8221; body_font_size_last_edited=&#8221;on|desktop&#8221; locked=&#8221;off&#8221; body_text_color__hover=&#8221;#ffffff&#8221; body_text_color__hover_enabled=&#8221;on&#8221; custom_padding__hover=&#8221;100px||140px&#8221; custom_padding__hover_enabled=&#8221;on&#8221;]<\/p>\n<p style=\"text-align: center;\"><span>Tambi\u00e9n tiene la opci\u00f3n para autofinanciar el proyecto a trav\u00e9s de la modalidad\u00a0EPC,\u00a0Sistema Fotovoltaico Llave en Mano\u00a0y empezar a ahorrar energ\u00eda y vender el excedente al sistema. Es una excelente inversi\u00f3n a mediano plazo.<\/span><\/p>\n<p>[\/et_pb_blurb][\/et_pb_column][et_pb_column type=&#8221;1_2&#8243; _builder_version=&#8221;3.25&#8243; custom_padding=&#8221;|||&#8221; custom_padding__hover=&#8221;|||&#8221;][\/et_pb_column][\/et_pb_row][\/et_pb_section][et_pb_section fb_built=&#8221;1&#8243; fullwidth=&#8221;on&#8221; admin_label=&#8221;Footer&#8221; _builder_version=&#8221;3.23.3&#8243; width=&#8221;90vw&#8221; width_tablet=&#8221;100%&#8221; width_phone=&#8221;&#8221; width_last_edited=&#8221;on|desktop&#8221; module_alignment=&#8221;right&#8221; locked=&#8221;off&#8221;][et_pb_fullwidth_header title=&#8221;Energ\u00eda limpia. Eficiente. Inversi\u00f3n eco-consciente&#8221; text_orientation=&#8221;center&#8221; button_one_text=&#8221;CONT\u00c1CTANOS&#8221; button_one_url=&#8221;@ET-DC@eyJkeW5hbWljIjp0cnVlLCJjb250ZW50IjoicG9zdF9saW5rX3VybF9wYWdlIiwic2V0dGluZ3MiOnsicG9zdF9pZCI6Ijc0In19@&#8221; _builder_version=&#8221;4.4.2&#8243; _dynamic_attributes=&#8221;button_one_url&#8221; title_font=&#8221;Bitter|700|||||||&#8221; title_font_size=&#8221;42px&#8221; title_line_height=&#8221;1.2em&#8221; content_font=&#8221;||||||||&#8221; content_font_size=&#8221;18px&#8221; content_line_height=&#8221;1.8em&#8221; background_color=&#8221;#2D2926&#8243; custom_button_one=&#8221;on&#8221; button_one_text_size=&#8221;14px&#8221; button_one_text_color=&#8221;#2a2a2a&#8221; button_one_bg_color=&#8221;#FEDD00&#8243; button_one_border_color=&#8221;rgba(0,0,0,0)&#8221; button_one_letter_spacing=&#8221;2px&#8221; button_one_font=&#8221;|700||on|||||&#8221; button_one_icon=&#8221;%%36%%&#8221; button_one_custom_padding=&#8221;15px|40px|15px|40px|true|true&#8221; custom_button_two=&#8221;on&#8221; button_two_text_size=&#8221;14px&#8221; button_two_text_color=&#8221;#ffffff&#8221; button_two_bg_color=&#8221;rgba(255,255,255,0)&#8221; button_two_border_color=&#8221;#ffffff&#8221; button_two_border_radius=&#8221;100px&#8221; button_two_letter_spacing=&#8221;2px&#8221; button_two_font=&#8221;Raleway|700||on|||||&#8221; button_two_icon=&#8221;%%3%%&#8221; button_two_custom_padding=&#8221;15px|40px|15px|40px|true|true&#8221; custom_padding=&#8221;7vw|10vw|7vw||true|&#8221; custom_padding_tablet=&#8221;|0vw||&#8221; custom_padding_phone=&#8221;&#8221; custom_padding_last_edited=&#8221;on|desktop&#8221; title_font_size_tablet=&#8221;32px&#8221; title_font_size_phone=&#8221;26px&#8221; title_font_size_last_edited=&#8221;on|phone&#8221; content_font_size_tablet=&#8221;&#8221; content_font_size_phone=&#8221;14px&#8221; content_font_size_last_edited=&#8221;on|desktop&#8221; custom_css_header_container=&#8221;width: 100%;&#8221;][\/et_pb_fullwidth_header][\/et_pb_section]<\/p>\n","protected":false},"excerpt":{"rendered":"<p>Servicios Momentos extraordinarios requieren esfuerzos y acciones extraordinarias.Conoce nuestros servicios &nbsp;Mercado\u00a0Solar\u00a0Centrales\u00a0Exentas\u00a0ofrece\u00a0la\u00a0oportunidad\u00a0de\u00a0convertirte\u00a0en\u00a0peque\u00f1o\u00a0generador\u00a0a\u00a0trav\u00e9s\u00a0de\u00a0la\u00a0compra\u00a0de\u00a0negocios\u00a0llave\u00a0en\u00a0mano\u00a0de\u00a0generaci\u00f3n.\u00a0Las\u00a0personas\u00a0que\u00a0deseen\u00a0vender\u00a0toda\u00a0su\u00a0producci\u00f3n\u00a0de\u00a0energ\u00eda\u00a0el\u00e9ctrica\u00a0al\u00a0mercado\u00a0el\u00e9ctrico\u00a0mayorista\u00a0tienen\u00a0la\u00a0posibilidad\u00a0a\u00a0trav\u00e9s\u00a0de\u00a0este\u00a0esquema\u00a0de\u00a0negocio\u00a0de\u00a0conseguir\u00a0una\u00a0fuente\u00a0de\u00a0ingresos\u00a0alterna\u00a0con\u00a0las\u00a0centrales\u00a0exentas\u00a0de\u00a0menos\u00a0de\u00a0500\u00a0KW. Mercado\u00a0Solar\u00a0Centrales\u00a0Exentas\u00a0a\u00a0trav\u00e9s\u00a0de\u00a0su\u00a0experiencia\u00a0en\u00a0la\u00a0generaci\u00f3n\u00a0de\u00a0este\u00a0tipo\u00a0de\u00a0negocios\u00a0ofrece\u00a0un\u00a0servicio\u00a0llave\u00a0en\u00a0mano\u00a0desde\u00a0el\u00a0modelado\u00a0del\u00a0proyecto,\u00a0pasando\u00a0por\u00a0la\u00a0obtenci\u00f3n\u00a0del\u00a0lugar\u00a0en\u00a0donde\u00a0se\u00a0ubicar\u00eda\u00a0la\u00a0central\u00a0exenta,\u00a0obteniendo\u00a0los\u00a0permisos,\u00a0construyendo\u00a0y\u00a0gestionando\u00a0el\u00a0negocio\u00a0durante\u00a0los\u00a030\u00a0a\u00f1os\u00a0de\u00a0vida\u00a0\u00fatil. Otros\u00a0ya\u00a0se\u00a0est\u00e1n\u00a0beneficiando\u00a0de\u00a0este\u00a0tipo\u00a0de\u00a0inversi\u00f3n, \u00bfpor qu\u00e9\u00a0t\u00fa no? Nuestros sistemas de Paneles Solares son\u00a0adaptables\u00a0y\u00a0flexibles\u00a0a cualquier tipo de cubierta o suelo. Ofrecemos sistemas de generaci\u00f3n de energ\u00eda completos instalados en todo M\u00e9xico, con 3 modalidades de venta. El cliente puede optar por la modalidad de PPA Venta de [&hellip;]<\/p>\n","protected":false},"author":1,"featured_media":0,"parent":0,"menu_order":0,"comment_status":"closed","ping_status":"closed","template":"","meta":{"_et_pb_use_builder":"on","_et_pb_old_content":"<!-- wp:divi\/placeholder \/-->","_et_gb_content_width":"","footnotes":""},"class_list":["post-66","page","type-page","status-publish","hentry"],"_links":{"self":[{"href":"https:\/\/mercadosolar.com.mx\/index.php\/wp-json\/wp\/v2\/pages\/66","targetHints":{"allow":["GET"]}}],"collection":[{"href":"https:\/\/mercadosolar.com.mx\/index.php\/wp-json\/wp\/v2\/pages"}],"about":[{"href":"https:\/\/mercadosolar.com.mx\/index.php\/wp-json\/wp\/v2\/types\/page"}],"author":[{"embeddable":true,"href":"https:\/\/mercadosolar.com.mx\/index.php\/wp-json\/wp\/v2\/users\/1"}],"replies":[{"embeddable":true,"href":"https:\/\/mercadosolar.com.mx\/index.php\/wp-json\/wp\/v2\/comments?post=66"}],"version-history":[{"count":20,"href":"https:\/\/mercadosolar.com.mx\/index.php\/wp-json\/wp\/v2\/pages\/66\/revisions"}],"predecessor-version":[{"id":439,"href":"https:\/\/mercadosolar.com.mx\/index.php\/wp-json\/wp\/v2\/pages\/66\/revisions\/439"}],"wp:attachment":[{"href":"https:\/\/mercadosolar.com.mx\/index.php\/wp-json\/wp\/v2\/media?parent=66"}],"curies":[{"name":"wp","href":"https:\/\/api.w.org\/{rel}","templated":true}]}}