{"id":225,"date":"2020-04-01T15:11:00","date_gmt":"2020-04-01T21:11:00","guid":{"rendered":"https:\/\/olive-chimpanzee-408790.hostingersite.com\/?page_id=225"},"modified":"2020-04-03T18:49:15","modified_gmt":"2020-04-04T00:49:15","slug":"nosotros","status":"publish","type":"page","link":"https:\/\/mercadosolar.com.mx\/index.php\/nosotros\/","title":{"rendered":"Nosotros"},"content":{"rendered":"<p>[et_pb_section fb_built=&#8221;1&#8243; admin_label=&#8221;Header&#8221; _builder_version=&#8221;3.23.3&#8243; background_color=&#8221;#f7f7f7&#8243; use_background_color_gradient=&#8221;on&#8221; background_color_gradient_start=&#8221;#f7f7f7&#8243; background_color_gradient_end=&#8221;#ffffff&#8221; background_color_gradient_direction=&#8221;90deg&#8221; background_color_gradient_start_position=&#8221;66%&#8221; background_color_gradient_end_position=&#8221;0%&#8221; custom_margin=&#8221;|||||&#8221; custom_padding=&#8221;||0px|||&#8221; background_last_edited=&#8221;on|tablet&#8221; use_background_color_gradient_tablet=&#8221;on&#8221; background_color_gradient_start_position_tablet=&#8221;100%&#8221;][et_pb_row column_structure=&#8221;1_2,1_2&#8243; custom_padding_last_edited=&#8221;on|phone&#8221; padding_left_right_link_1=&#8221;false&#8221; _builder_version=&#8221;3.25&#8243; background_image=&#8221;http:\/\/mercadosolar.com.mx\/wp-content\/uploads\/2020\/03\/green-energy-20.png&#8221; background_size=&#8221;initial&#8221; background_position=&#8221;top_left&#8221; custom_padding=&#8221;|||20px&#8221; custom_padding_tablet=&#8221;&#8221; custom_padding_phone=&#8221;|||0px&#8221;][et_pb_column type=&#8221;1_2&#8243; _builder_version=&#8221;3.25&#8243; background_repeat=&#8221;repeat&#8221; custom_padding=&#8221;|20px||&#8221; custom_padding_tablet=&#8221;|0px||&#8221; custom_padding_phone=&#8221;&#8221; custom_padding_last_edited=&#8221;on|tablet&#8221; custom_padding__hover=&#8221;|||&#8221;][et_pb_text _builder_version=&#8221;4.4.2&#8243; text_font=&#8221;||||||||&#8221; text_font_size=&#8221;20px&#8221; text_line_height=&#8221;1.8em&#8221; header_font=&#8221;Bitter||||||||&#8221; header_text_color=&#8221;#fedd00&#8243; header_font_size=&#8221;60px&#8221; header_line_height=&#8221;1.3em&#8221; custom_margin=&#8221;||60px&#8221; hover_enabled=&#8221;0&#8243; text_font_size_tablet=&#8221;&#8221; text_font_size_phone=&#8221;14px&#8221; text_font_size_last_edited=&#8221;on|desktop&#8221; header_font_size_tablet=&#8221;50px&#8221; header_font_size_phone=&#8221;30px&#8221; header_font_size_last_edited=&#8221;on|phone&#8221;]<\/p>\n<h1><span color=\"#4359e9\"><span style=\"caret-color: #4359e9;\">NOSOTROS<\/span><\/span><\/h1>\n<p><strong>Mercado Solar<\/strong> no es un servicio de instalaci\u00f3n de paneles solares. Somos una compa\u00f1\u00eda <strong>enfocada en la energ\u00eda que demandan los h\u00e1bitos humanos<\/strong>.\u00a0<\/p>\n<p>[\/et_pb_text][et_pb_button button_text=&#8221;CONT\u00c1CTANOS&#8221; _builder_version=&#8221;4.4.2&#8243; custom_button=&#8221;on&#8221; button_text_size=&#8221;14px&#8221; button_text_color=&#8221;#000000&#8243; button_bg_color=&#8221;#FEDD00&#8243; button_border_color=&#8221;rgba(0,0,0,0)&#8221; button_border_radius=&#8221;5px&#8221; button_letter_spacing=&#8221;2px&#8221; button_font=&#8221;|700||on|||||&#8221; button_icon=&#8221;%%36%%&#8221; button_icon_color=&#8221;#000000&#8243; custom_padding=&#8221;15px|40px|15px|40px|true|true&#8221;][\/et_pb_button][\/et_pb_column][et_pb_column type=&#8221;1_2&#8243; _builder_version=&#8221;3.25&#8243; custom_padding=&#8221;|||&#8221; custom_padding__hover=&#8221;|||&#8221;][et_pb_image src=&#8221;http:\/\/mercadosolar.com.mx\/wp-content\/uploads\/2020\/03\/green-energy-14.png&#8221; _builder_version=&#8221;4.4.2&#8243; use_background_color_gradient=&#8221;on&#8221; background_color_gradient_start=&#8221;rgba(16,40,65,0)&#8221; background_color_gradient_end=&#8221;#102841&#8243; background_color_gradient_start_position=&#8221;45%&#8221; background_color_gradient_overlays_image=&#8221;on&#8221; background_image=&#8221;http:\/\/mercadosolar.com.mx\/wp-content\/uploads\/2020\/03\/zbynek-burival-602936-unsplash-min-1-scaled.jpg&#8221; custom_margin=&#8221;-100px|-12vw||&#8221; custom_margin_tablet=&#8221;0px|||&#8221; custom_margin_phone=&#8221;&#8221; custom_margin_last_edited=&#8221;on|tablet&#8221; custom_padding=&#8221;||100%|||&#8221; custom_padding_tablet=&#8221;||40%&#8221; custom_padding_phone=&#8221;||40%&#8221; custom_padding_last_edited=&#8221;on|tablet&#8221;][\/et_pb_image][\/et_pb_column][\/et_pb_row][\/et_pb_section][et_pb_section fb_built=&#8221;1&#8243; specialty=&#8221;on&#8221; admin_label=&#8221;Products&#8221; _builder_version=&#8221;3.23.3&#8243; background_image=&#8221;http:\/\/mercadosolar.com.mx\/wp-content\/uploads\/2020\/03\/green-energy-22.png&#8221; background_size=&#8221;initial&#8221; background_position=&#8221;bottom_left&#8221; background_repeat=&#8221;repeat-x&#8221; custom_padding=&#8221;0px||90px|||&#8221;][et_pb_column type=&#8221;2_3&#8243; specialty_columns=&#8221;2&#8243; _builder_version=&#8221;3.25&#8243; custom_padding=&#8221;|||&#8221; custom_padding__hover=&#8221;|||&#8221;][et_pb_row_inner custom_padding_last_edited=&#8221;on|desktop&#8221; _builder_version=&#8221;3.25&#8243; background_color=&#8221;#ffffff&#8221; custom_margin=&#8221;|||||false&#8221; custom_padding=&#8221;56px|48px||48px||true&#8221; custom_padding_tablet=&#8221;&#8221; custom_padding_phone=&#8221;|30px||30px||true&#8221; box_shadow_style=&#8221;preset1&#8243; box_shadow_vertical=&#8221;34px&#8221; box_shadow_blur=&#8221;60px&#8221; box_shadow_spread=&#8221;-34px&#8221; box_shadow_color=&#8221;rgba(0,0,0,0.24)&#8221;][et_pb_column_inner saved_specialty_column_type=&#8221;2_3&#8243; _builder_version=&#8221;3.25&#8243; custom_padding=&#8221;|||&#8221; custom_padding__hover=&#8221;|||&#8221;][et_pb_text _builder_version=&#8221;4.4.2&#8243; text_font=&#8221;||||||||&#8221; text_font_size=&#8221;20px&#8221; text_line_height=&#8221;1.8em&#8221; header_font=&#8221;||||||||&#8221; header_2_font=&#8221;Bitter||||||||&#8221; header_2_font_size=&#8221;42px&#8221; header_2_line_height=&#8221;1.2em&#8221; text_orientation=&#8221;center&#8221; hover_enabled=&#8221;0&#8243; text_font_size_tablet=&#8221;&#8221; text_font_size_phone=&#8221;14px&#8221; text_font_size_last_edited=&#8221;on|desktop&#8221; header_2_font_size_tablet=&#8221;32px&#8221; header_2_font_size_phone=&#8221;26px&#8221; header_2_font_size_last_edited=&#8221;on|phone&#8221; locked=&#8221;off&#8221;]<\/p>\n<h2><span lang=\"ES-TRAD\">MERCADO SOLAR MARCA SU LIDERAZGO<o:p><\/o:p><\/span><\/h2>\n<p><span lang=\"ES-TRAD\">Utilizando tecnolog\u00eda de vanguardia, creando la mejora continua en sus procesos, acorde a las exigencias de un mercado cada vez m\u00e1s especializado. Es as\u00ed como <strong>Mercado Solar ha diversificado sus l\u00edneas de productos con soluciones pr\u00e1cticas e innovadoras<\/strong>, las que son llevadas al mercado a trav\u00e9s todo M\u00e9xico. <o:p><\/o:p><\/span><\/p>\n<h2><\/h2>\n<p>[\/et_pb_text][et_pb_image src=&#8221;http:\/\/mercadosolar.com.mx\/wp-content\/uploads\/2020\/04\/proyecto-energia-solar-fotovoltaica-paneles-scaled.jpg&#8221; _builder_version=&#8221;4.4.2&#8243;][\/et_pb_image][\/et_pb_column_inner][\/et_pb_row_inner][\/et_pb_column][et_pb_column type=&#8221;1_3&#8243; _builder_version=&#8221;3.25&#8243; custom_padding=&#8221;|||&#8221; custom_padding__hover=&#8221;|||&#8221;][\/et_pb_column][\/et_pb_section][et_pb_section fb_built=&#8221;1&#8243; fullwidth=&#8221;on&#8221; admin_label=&#8221;Section&#8221; _builder_version=&#8221;3.23.3&#8243;][et_pb_fullwidth_image src=&#8221;http:\/\/mercadosolar.com.mx\/wp-content\/uploads\/2020\/04\/alternative-energy-bird-s-eye-view-drone-photography-2800832-min-scaled.jpg&#8221; _builder_version=&#8221;4.4.2&#8243;][\/et_pb_fullwidth_image][\/et_pb_section][et_pb_section fb_built=&#8221;1&#8243; admin_label=&#8221;Call Out&#8221; _builder_version=&#8221;3.23.3&#8243; background_color=&#8221;#f2f2f2&#8243; custom_padding=&#8221;0px||0px|||&#8221;][et_pb_row _builder_version=&#8221;4.4.2&#8243; background_color=&#8221;#ffffff&#8221; transform_translate=&#8221;0px|-8vw&#8221; transform_translate_linked=&#8221;off&#8221; max_width=&#8221;700px&#8221; custom_margin=&#8221;||-8vw&#8221; custom_padding=&#8221;120px|4vw|120px|4vw|false|true&#8221; box_shadow_style=&#8221;preset1&#8243; box_shadow_vertical=&#8221;24px&#8221; box_shadow_blur=&#8221;100px&#8221; box_shadow_spread=&#8221;-30px&#8221; box_shadow_color=&#8221;rgba(0,0,0,0.24)&#8221; locked=&#8221;off&#8221;][et_pb_column type=&#8221;4_4&#8243; _builder_version=&#8221;3.25&#8243; custom_padding=&#8221;|||&#8221; custom_padding__hover=&#8221;|||&#8221;][et_pb_text _builder_version=&#8221;4.4.2&#8243; text_font=&#8221;||||||||&#8221; text_font_size=&#8221;20px&#8221; text_line_height=&#8221;1.8em&#8221; header_font=&#8221;||||||||&#8221; header_font_size=&#8221;31px&#8221; header_2_font=&#8221;||||||||&#8221; header_2_font_size=&#8221;30px&#8221; header_2_line_height=&#8221;1.2em&#8221; text_orientation=&#8221;center&#8221; max_width=&#8221;440px&#8221; module_alignment=&#8221;center&#8221; text_font_size_tablet=&#8221;&#8221; text_font_size_phone=&#8221;14px&#8221; text_font_size_last_edited=&#8221;on|phone&#8221; header_2_font_size_tablet=&#8221;&#8221; header_2_font_size_phone=&#8221;32px&#8221; header_2_font_size_last_edited=&#8221;on|phone&#8221;]<\/p>\n<h2>L\u00edderes en la <strong>comercializaci\u00f3n de sistemas fotovoltaicos<\/strong>, con la m\u00e1s amplia oferta de productos en energ\u00eda solar, siendo el proveedor de mayor experiencia en M\u00e9xico. Atendiendo las necesidades del<strong> mercado la industria, comercio y hogar<\/strong>, con propuestas innovadoras y un equipo t\u00e9cnico de experiencia.<\/h2>\n<p>[\/et_pb_text][\/et_pb_column][\/et_pb_row][et_pb_row _builder_version=&#8221;3.25&#8243; custom_padding=&#8221;0px||0px|||&#8221;][et_pb_column type=&#8221;4_4&#8243; _builder_version=&#8221;3.25&#8243; custom_padding=&#8221;|||&#8221; custom_padding__hover=&#8221;|||&#8221;][et_pb_divider color=&#8221;rgba(67,89,233,0.27)&#8221; divider_weight=&#8221;200px&#8221; _builder_version=&#8221;3.23.3&#8243; width=&#8221;1px&#8221; module_alignment=&#8221;center&#8221; height=&#8221;200px&#8221; custom_margin=&#8221;-62px||&#8221;][\/et_pb_divider][\/et_pb_column][\/et_pb_row][\/et_pb_section][et_pb_section fb_built=&#8221;1&#8243; fullwidth=&#8221;on&#8221; admin_label=&#8221;Footer&#8221; _builder_version=&#8221;4.4.2&#8243; width=&#8221;90vw&#8221; width_tablet=&#8221;100%&#8221; width_phone=&#8221;&#8221; width_last_edited=&#8221;on|desktop&#8221; module_alignment=&#8221;right&#8221;][et_pb_fullwidth_header title=&#8221;Soluciones pr\u00e1cticas e innovadoras&#8221; text_orientation=&#8221;center&#8221; button_one_text=&#8221;SERVICIOS&#8221; button_two_text=&#8221;CONT\u00c1CTANOS&#8221; _builder_version=&#8221;4.4.2&#8243; title_font=&#8221;Bitter|700|||||||&#8221; title_font_size=&#8221;42px&#8221; title_line_height=&#8221;1.2em&#8221; content_font=&#8221;||||||||&#8221; content_font_size=&#8221;18px&#8221; content_line_height=&#8221;1.8em&#8221; background_color=&#8221;#2D2926&#8243; custom_button_one=&#8221;on&#8221; button_one_text_size=&#8221;14px&#8221; button_one_text_color=&#8221;#2a2a2a&#8221; button_one_bg_color=&#8221;#FEDD00&#8243; button_one_border_color=&#8221;rgba(0,0,0,0)&#8221; button_one_letter_spacing=&#8221;2px&#8221; button_one_font=&#8221;Raleway|700||on|||||&#8221; button_one_icon=&#8221;%%36%%&#8221; button_one_custom_padding=&#8221;15px|40px|15px|40px|true|true&#8221; custom_button_two=&#8221;on&#8221; button_two_text_size=&#8221;14px&#8221; button_two_text_color=&#8221;#ffffff&#8221; button_two_bg_color=&#8221;rgba(255,255,255,0)&#8221; button_two_border_color=&#8221;#ffffff&#8221; button_two_letter_spacing=&#8221;2px&#8221; button_two_font=&#8221;|700||on|||||&#8221; button_two_icon=&#8221;%%36%%&#8221; button_two_custom_padding=&#8221;15px|40px|15px|40px|true|true&#8221; custom_padding=&#8221;7vw|10vw|7vw||true|&#8221; custom_padding_tablet=&#8221;|0vw||&#8221; custom_padding_phone=&#8221;&#8221; custom_padding_last_edited=&#8221;on|desktop&#8221; hover_enabled=&#8221;0&#8243; title_font_size_tablet=&#8221;32px&#8221; title_font_size_phone=&#8221;26px&#8221; title_font_size_last_edited=&#8221;on|phone&#8221; content_font_size_tablet=&#8221;&#8221; content_font_size_phone=&#8221;14px&#8221; content_font_size_last_edited=&#8221;on|desktop&#8221; custom_css_header_container=&#8221;width: 100%;&#8221;][\/et_pb_fullwidth_header][\/et_pb_section]<\/p>\n","protected":false},"excerpt":{"rendered":"<p>NOSOTROS Mercado Solar no es un servicio de instalaci\u00f3n de paneles solares. Somos una compa\u00f1\u00eda enfocada en la energ\u00eda que demandan los h\u00e1bitos humanos.\u00a0MERCADO SOLAR MARCA SU LIDERAZGO Utilizando tecnolog\u00eda de vanguardia, creando la mejora continua en sus procesos, acorde a las exigencias de un mercado cada vez m\u00e1s especializado. Es as\u00ed como Mercado Solar [&hellip;]<\/p>\n","protected":false},"author":1,"featured_media":0,"parent":0,"menu_order":0,"comment_status":"closed","ping_status":"closed","template":"","meta":{"_et_pb_use_builder":"on","_et_pb_old_content":"","_et_gb_content_width":"","footnotes":""},"class_list":["post-225","page","type-page","status-publish","hentry"],"_links":{"self":[{"href":"https:\/\/mercadosolar.com.mx\/index.php\/wp-json\/wp\/v2\/pages\/225","targetHints":{"allow":["GET"]}}],"collection":[{"href":"https:\/\/mercadosolar.com.mx\/index.php\/wp-json\/wp\/v2\/pages"}],"about":[{"href":"https:\/\/mercadosolar.com.mx\/index.php\/wp-json\/wp\/v2\/types\/page"}],"author":[{"embeddable":true,"href":"https:\/\/mercadosolar.com.mx\/index.php\/wp-json\/wp\/v2\/users\/1"}],"replies":[{"embeddable":true,"href":"https:\/\/mercadosolar.com.mx\/index.php\/wp-json\/wp\/v2\/comments?post=225"}],"version-history":[{"count":7,"href":"https:\/\/mercadosolar.com.mx\/index.php\/wp-json\/wp\/v2\/pages\/225\/revisions"}],"predecessor-version":[{"id":353,"href":"https:\/\/mercadosolar.com.mx\/index.php\/wp-json\/wp\/v2\/pages\/225\/revisions\/353"}],"wp:attachment":[{"href":"https:\/\/mercadosolar.com.mx\/index.php\/wp-json\/wp\/v2\/media?parent=225"}],"curies":[{"name":"wp","href":"https:\/\/api.w.org\/{rel}","templated":true}]}}